300. Let i(n) = 5*n**2 - n + 1. Let y be i(1). Calculate the highest common factor of y and t.
5
Let o = 12 - -176. Let j = o + -169. Suppose -b = -56 - 58. Calculate the greatest common factor of b and j.
19
Suppose -o - 59 = -3*j, 4*j + 3*o - 4*o - 78 = 0. Let g(i) = -3*i + 99. Let q be g(j). What is the highest common factor of 154 and q?
14
Let m(c) = -c**3 - 75*c**2 - 335*c - 245. Let x be m(-73). Calculate the greatest common factor of x and 11.
11
Let h be (0 - 0 - -40) + 0. Let c(y) = 79*y - 2836. Let l be c(36). What is the highest common factor of l and h?
8
Let i be 24/(-14)*14420/(-60). What is the highest common divisor of i and 4?
4
Let a be (128/6)/((400/3456)/25). Calculate the greatest common divisor of a and 396.
36
Let w be (2/(-3) - 1528/12)*38/(-8). Calculate the highest common divisor of w and 1600.
32
Suppose 0 = 5*l + o - 3*o - 10, 4*o - 12 = 2*l. Let v be l + 3 + (-20)/4. Let r be 1112/28 + v/7. What is the greatest common factor of r and 20?
20
Let r be 246/(-10) - (-4)/(-10). Let g(t) = 57*t - 249. Let p be g(4). Let l be (p - r) + (-1 - 0). What is the highest common divisor of 15 and l?
3
Let i = -31 - -41. Suppose 4 = i*m - 26. Suppose m*c = 4*w - 34, -9*c + 4*c - 31 = -3*w. Calculate the greatest common divisor of w and 49.
7
Suppose -33*z = -5*z. Suppose 0 = -4*t - 2*c + 210, -t = -z*t + 2*c - 48. Calculate the greatest common divisor of t and 24.
6
Let b(i) = -i**3 - 4*i - 5. Let y be b(-3). Suppose -24 = -2*f + y. Let p = 49 - f. Calculate the greatest common divisor of 30 and p.
10
Let k(i) = -11*i**3 - 5*i**2 + 12*i - 4. Let b be k(-2). Calculate the highest common factor of 635 and b.
5
Suppose -65*m + 112 = -72*m. Let k be 2*106*(-20)/m + -1. Let s be 1*(0 - -4) - (-20 + 0). Calculate the highest common factor of s and k.
24
Let g be 4 - (-4 - 446/2). Suppose -5*h = 2*i + 33, -3*i + 6*h = 3*h + 18. Let w(l) = -l + 24. Let p be w(i). What is the highest common divisor of g and p?
33
Suppose 1586 = 22*o - 64. Let m = -74 + o. Calculate the greatest common divisor of 8 and m.
1
Let v = -17 - -10. Suppose 10*k - 11*k + 12 = 0. Let t be (v - k/(-4))/(-2). What is the highest common factor of 1 and t?
1
Suppose 2*t + 2 = 4*t. Suppose 0 = 6*r - 2*r - 72. Suppose 3*c = 5*q + 50 - 10, q = -2*c + r. Calculate the greatest common factor of c and t.
1
Let z be 876/16 - 7/(-28). Let k = 130 - z. What is the greatest common factor of 325 and k?
25
Let n be (-399 + -1)*(-11)/(440/32). Let s = 324 - n. What is the greatest common divisor of s and 12?
4
Let u be 385/(-75) - (-4)/30. Let n be (-5)/u*(-1)/((-4)/88). What is the greatest common factor of n and 2?
2
Suppose 4*f - i - 2312 = 3*f, 5*i = -10. Suppose -z - 10*z = -f. Calculate the greatest common divisor of z and 60.
30
Suppose -4*y + 136 = -2*y. Let t be 52/117*(-27)/(-2). Suppose t*m - 2*g = 2*m + 146, -3*g = -3*m + 117. What is the highest common factor of y and m?
34
Suppose 4*g - 4*w = 144, -4*w + 4 = -4. Calculate the highest common factor of g and 2489.
19
Suppose 823 + 4469 = 28*v. Let w = 431 - v. What is the highest common factor of 44 and w?
22
Suppose 6*i + 16 = 208. Suppose u + 386 = 4*u - 5*w, -2*u + 255 = -w. Let p = 175 - u. Calculate the greatest common factor of p and i.
16
Let u be 21*(-18 + 1350/70). Let g = -78 - -213. What is the highest common divisor of g and u?
27
Suppose 253 = 8*z + 13. What is the greatest common factor of z and 12930?
30
Let t = 37 - 25. Suppose z - d = 0, -t = -2*z - d - 0. Suppose -z*k + 6 + 174 = 0. Calculate the greatest common divisor of 15 and k.
15
Suppose -7905 = -23*b + 15*b - 7185. Let w be 3*(-2)/(-9)*96. Let q = -28 + w. Calculate the greatest common factor of b and q.
18
Suppose 109*w - 5425 = 451 + 882. Calculate the greatest common factor of w and 146.
2
Suppose 0 = 62*o - 106*o - 308. Let z be 103 + (4/o)/((-8)/28). Calculate the highest common factor of z and 15.
15
Let l = -17 - -29. Suppose c - 4*c - 9 = 0, 3*b = 2*c + 327. Let d = b + -89. What is the greatest common divisor of l and d?
6
Let x(q) = -9*q + 3 + 3*q**2 + 19*q + 0*q**2 - 4*q. Let f be x(-2). Suppose i + f*b - 2 = 0, -4 = i - 4*b - 13. Calculate the highest common factor of 20 and i.
5
Let t be (58239/36)/((-21)/(-224)). Calculate the highest common divisor of 48 and t.
24
Let u be 456/(-33) - 6/33. Let v = u - -18. Suppose -44 = -6*h - 8. What is the greatest common factor of v and h?
2
Let f = -13626 + 14358. Calculate the highest common divisor of 1891 and f.
61
Suppose -5*m - 3456 = 19*m. Let w = m - -180. Calculate the highest common factor of 48 and w.
12
Suppose 5*l = 9*l - 36. Let f be 1 - (-3 - (2 + 56)). Suppose -f - 1 = -b. What is the highest common divisor of l and b?
9
Let x = 11063 - 11061. What is the greatest common divisor of 1382 and x?
2
Let a be ((-2)/(-3)*2)/(48/216). Let m be 284/6 - (-10)/a. What is the highest common divisor of 14 and m?
7
Let o be (-4 + -34)/((-4)/6). Suppose -5*u + 0*u + 380 = 0. What is the highest common factor of u and o?
19
Let j = -18438 + 19384. What is the greatest common divisor of j and 516?
86
Suppose 2*x - 5*c = 7*x + 30, -4*x - 21 = c. Suppose 0 = -23*t + 16*t - 21. Let h be x*(5 + t + -3). Calculate the highest common factor of h and 1.
1
Suppose -685489 = -225*d + 832586. Calculate the greatest common factor of 78 and d.
39
Let s(k) = -k + 10. Let j be s(11). Let q be 9 + (-1 - (j + 4)). Suppose 432 = -b + 6*b + 2*t, q*t - 244 = -3*b. Calculate the highest common factor of 8 and b.
8
Let f(t) = -2*t + 95. Let v(o) = -o + 48. Let i(y) = 3*f(y) - 5*v(y). Let w = -605 - -620. Let g be i(w). Calculate the greatest common divisor of 20 and g.
10
Let x = -87374 - -87377. Let t = 168 + 6. What is the greatest common factor of t and x?
3
Let o(m) = -10*m - 10. Let a be o(-8). Let q be (-162)/27 + (-20)/(-1). Calculate the highest common factor of a and q.
14
Let q(g) = -6*g**3 + g**2 - 9*g + 1395. Let t be q(0). What is the greatest common divisor of t and 155?
155
Suppose 97 = 2*z - 5*k, 222*z + 2*k = 227*z - 253. Suppose 3*j = 27 + 24. What is the greatest common factor of z and j?
17
Let h(l) = -15*l + 308. Let f be h(34). Let s be (f/(-10) + (-8)/40)*1. Calculate the greatest common divisor of s and 90.
10
Let b be (-17 + 8)*(-1 - (15 + -2)). Suppose -2*x = 3*x - 15. Suppose -q + 24 = 2*s + 2, -30 = -2*q + x*s. Calculate the highest common factor of q and b.
18
Let v = 18 + 1. Let s = v - 14. Let f be 24/9*6*(-5)/(-4). Calculate the greatest common factor of f and s.
5
Suppose 16*c - 11*c - 10*c = 0. Suppose 30*s - 14*s - 2048 = c. Calculate the highest common factor of s and 16.
16
Let g be (-10)/3*-1*48. Suppose 0 = -n + b + 3, -n - 2*b = 8 - 5. Let u be (-130)/325 - (n - 334/10). What is the highest common divisor of g and u?
32
Let y(n) = -n**2 + 8*n + 326. Let d be y(18). Suppose d = -2*z + 276. Suppose 0 = -c + 2*c - 26. Calculate the greatest common factor of c and z.
13
Suppose 18*j - 45 = 17*j - 2*n, 3*n - 87 = -2*j. Calculate the highest common factor of 4693 and j.
13
Suppose j + 4*w - 2 + 49 = 0, -w + 22 = -j. Let z be 2/(8/j*36/(-48)). Calculate the highest common factor of 144 and z.
9
Let x(d) = 17*d + 19*d + 0 - 33*d - 6. Let l be x(7). Suppose 2*s + 65 = 3*o + s, -2*o - 5*s + l = 0. What is the highest common factor of 4 and o?
4
Let z be (10 - (-32)/(-4)) + 0/5. Let v be 4/((-16)/28)*-3. Let r be 29/3 - (-7)/v. Calculate the highest common factor of z and r.
2
Let a be 7623/44 - 3/(-36)*-3. Let g = a + 47. What is the greatest common factor of 20 and g?
20
Let l = -1659 - -1865. Calculate the highest common factor of l and 3502.
206
Let g = 86 - 83. Suppose 0 = -4*q - g*u + 193, -6*q + 2*u + 86 = -4*q. Calculate the greatest common factor of q and 138.
46
Let g = -3623 - -3638. What is the highest common factor of 645 and g?
15
Let s(h) = -57*h**3 - 5*h**2 + 12*h + 27. Let r be s(-3). Calculate the highest common factor of r and 55.
55
Suppose z - 5 = 6*z. Let o be (-2 - -9) + -3 + z + 1. Calculate the greatest common divisor of o and 80.
4
Let p(s) = 29*s**2 - 13*s - 6. Let l(q) = 11*q + 310. Let b be l(-28). Let c be p(b). Calculate the highest common factor of 108 and c.
12
Suppose q + 2*l - 468 - 230 = 0, 5*q - 3*l - 3568 = 0. Calculate the highest common fa